{"id":136,"date":"2022-08-11T16:12:19","date_gmt":"2022-08-11T14:12:19","guid":{"rendered":"http:\/\/pop-cancan.com\/?page_id=136"},"modified":"2022-08-11T16:39:22","modified_gmt":"2022-08-11T14:39:22","slug":"tarifs","status":"publish","type":"page","link":"https:\/\/pop-cancan.com\/index.php\/tarifs\/","title":{"rendered":"Tarifs"},"content":{"rendered":"\n<p>Le tarif du stage comprend la mise \u00e0 disposition de la jupe<\/p>\n\n\n\n<p>Stage \u00e0 l&#8217;unit\u00e9 : 30 \u20ac<br>Carte 5 stages : 130 \u20ac*<br>Carte 8 stages : 190 \u20ac**<\/p>\n\n\n\n<p class=\"has-small-font-size\">* soit 26\u20ac le stage | ** soit 24\u20ac le stage (tout stage suppl\u00e9mentaire sera \u00e9galement \u00e0 24\u20ac)<\/p>\n\n\n\n<p style=\"font-style:italic;font-weight:400\">Les cours sont \u00e0 payer \u00e0 l&#8217;avance par ch\u00e8que, Lydia, Paypal ou virement bancaire. <br>A noter : il n&#8217;y a que 12 places par cours pour pr\u00e9server un petit cocon entre nous et que chacune ait une belle jupe. Les cours sont r\u00e9serv\u00e9s en priorit\u00e9 aux \u00e9l\u00e8ves ayant une carte !<\/p>\n\n\n\n<p class=\"has-small-font-size\" style=\"font-style:italic;font-weight:400\">R\u00e9servation et annulation : je recommande de r\u00e9server le cr\u00e9neau 3 semaines \u00e0 l&#8217;avance. En cas d&#8217;impr\u00e9vu du c\u00f4t\u00e9 de l&#8217;\u00e9l\u00e8ve, le cours pourra \u00eatre report\u00e9 si annul\u00e9 48h \u00e0 l&#8217;avance ; au-del\u00e0 de ce d\u00e9lai, il sera d\u00e9compt\u00e9.&nbsp;En cas d&#8217;annulation de ma part, le cours sera report\u00e9 ou rembours\u00e9 !<\/p>\n\n\n\n<p><\/p>\n\n\n\n<p><\/p>\n","protected":false},"excerpt":{"rendered":"<p>Le tarif du stage comprend la mise \u00e0 disposition de la jupe Stage \u00e0 l&#8217;unit\u00e9 : 30 \u20acCarte 5 stages : 130 \u20ac*Carte 8 stages : 190 \u20ac** * soit 26\u20ac le stage | ** soit 24\u20ac le stage (tout stage suppl\u00e9mentaire sera \u00e9galement \u00e0 24\u20ac) Les cours sont \u00e0 payer \u00e0 l&#8217;avance par ch\u00e8que, &hellip; <a href=\"https:\/\/pop-cancan.com\/index.php\/tarifs\/\" class=\"more-link\">Continue reading<span class=\"screen-reader-text\"> &#8220;Tarifs&#8221;<\/span><\/a><\/p>\n","protected":false},"author":1,"featured_media":151,"parent":0,"menu_order":0,"comment_status":"closed","ping_status":"closed","template":"","meta":[],"_links":{"self":[{"href":"https:\/\/pop-cancan.com\/index.php\/wp-json\/wp\/v2\/pages\/136"}],"collection":[{"href":"https:\/\/pop-cancan.com\/index.php\/wp-json\/wp\/v2\/pages"}],"about":[{"href":"https:\/\/pop-cancan.com\/index.php\/wp-json\/wp\/v2\/types\/page"}],"author":[{"embeddable":true,"href":"https:\/\/pop-cancan.com\/index.php\/wp-json\/wp\/v2\/users\/1"}],"replies":[{"embeddable":true,"href":"https:\/\/pop-cancan.com\/index.php\/wp-json\/wp\/v2\/comments?post=136"}],"version-history":[{"count":3,"href":"https:\/\/pop-cancan.com\/index.php\/wp-json\/wp\/v2\/pages\/136\/revisions"}],"predecessor-version":[{"id":159,"href":"https:\/\/pop-cancan.com\/index.php\/wp-json\/wp\/v2\/pages\/136\/revisions\/159"}],"wp:featuredmedia":[{"embeddable":true,"href":"https:\/\/pop-cancan.com\/index.php\/wp-json\/wp\/v2\/media\/151"}],"wp:attachment":[{"href":"https:\/\/pop-cancan.com\/index.php\/wp-json\/wp\/v2\/media?parent=136"}],"curies":[{"name":"wp","href":"https:\/\/api.w.org\/{rel}","templated":true}]}}